 factor of 98 and 4?
2
Calculate the highest common divisor of 1071 and 3808.
119
What is the greatest common factor of 60 and 320?
20
Calculate the greatest common divisor of 19 and 37867.
19
Calculate the highest common factor of 242 and 7381.
121
Calculate the highest common divisor of 5104 and 110.
22
What is the greatest common divisor of 2482 and 146?
146
Calculate the highest common factor of 36437 and 166.
83
What is the highest common factor of 7018 and 726?
242
Calculate the greatest common factor of 58 and 551.
29
What is the greatest common factor of 363 and 3?
3
What is the greatest common divisor of 300 and 270?
30
What is the greatest common divisor of 50 and 1970?
10
Calculate the greatest common factor of 187 and 11.
11
What is the highest common factor of 128 and 45952?
128
What is the greatest common factor of 99 and 242?
11
Calculate the highest common factor of 1986 and 6.
6
Calculate the greatest common factor of 66 and 550.
22
Calculate the highest common divisor of 144 and 4518.
18
What is the highest common factor of 98 and 6223?
49
What is the highest common factor of 6136 and 78?
26
What is the highest common factor of 22616 and 257?
257
What is the greatest common factor of 4556 and 68?
68
What is the greatest common divisor of 273 and 14?
7
What is the greatest common divisor of 7 and 608?
1
What is the highest common factor of 32 and 56?
8
Calculate the greatest common factor of 80 and 100.
20
Calculate the highest common divisor of 7241 and 26.
13
What is the greatest common factor of 360 and 3720?
120
Calculate the highest common divisor of 2093 and 49.
7
Calculate the greatest common factor of 16 and 2008.
8
Calculate the greatest common divisor of 89 and 7120.
89
Calculate the greatest common divisor of 459 and 72.
9
What is the greatest common factor of 425 and 25?
25
Calculate the highest common factor of 89 and 1157.
89
Calculate the greatest common factor of 20 and 1020.
20
What is the greatest common divisor of 10 and 250?
10
What is the greatest common divisor of 7868 and 84?
28
Calculate the greatest common divisor of 26 and 689.
13
What is the greatest common divisor of 837 and 62?
31
Calculate the greatest common factor of 392 and 280.
56
Calculate the greatest common factor of 18 and 1179.
9
Calculate the highest common divisor of 1166 and 165.
11
Calculate the highest common divisor of 231 and 6963.
33
What is the highest common factor of 513 and 3888?
27
Calculate the greatest common divisor of 88 and 2662.
22
Calculate the greatest common factor of 8992 and 112.
16
What is the greatest common divisor of 10 and 15?
5
What is the highest common factor of 3957 and 6?
3
Calculate the greatest common divisor of 2158 and 664.
166
What is the highest common factor of 324 and 144?
36
Calculate the highest common divisor of 52 and 481.
13
Calculate the greatest common factor of 1100 and 1700.
100
Calculate the greatest common divisor of 26 and 481.
13
What is the greatest common factor of 98 and 21?
7
What is the highest common divisor of 14 and 147?
7
Calculate the greatest common divisor of 50566 and 193.
193
Calculate the greatest common divisor of 33 and 5115.
33
What is the greatest common divisor of 1015 and 35?
35
Calculate the highest common divisor of 378 and 4194.
18
Calculate the highest common divisor of 1927 and 41.
41
Calculate the highest common divisor of 24 and 4440.
24
Calculate the greatest common divisor of 52 and 806.
26
What is the greatest common divisor of 423 and 18?
9
Calculate the greatest common divisor of 2 and 77.
1
Calculate the highest common divisor of 274 and 8.
2
Calculate the greatest common factor of 527 and 155.
31
Calculate the highest common factor of 21290 and 10.
10
Calculate the greatest common divisor of 315 and 585.
45
Calculate the highest common factor of 21 and 159.
3
Calculate the highest common divisor of 9830 and 20.
10
What is the greatest common factor of 1320 and 2700?
60
Calculate the highest common divisor of 10 and 640.
10
What is the highest common factor of 515 and 55?
5
Calculate the greatest common factor of 200 and 4120.
40
Calculate the highest common divisor of 198 and 18.
18
What is the greatest common divisor of 9 and 774?
9
Calculate the highest common factor of 143 and 2893.
11
What is the highest common factor of 141 and 1363?
47
Calculate the highest common factor of 410 and 2009.
41
What is the greatest common divisor of 98 and 637?
49
Calculate the greatest common factor of 5 and 1685.
5
What is the highest common factor of 187 and 44?
11
Calculate the highest common divisor of 7615 and 25.
5
Calculate the highest common divisor of 8 and 26328.
8
Calculate the greatest common factor of 5 and 10.
5
Calculate the highest common divisor of 190 and 133.
19
What is the highest common divisor of 574 and 42?
14
What is the highest common factor of 81 and 1674?
27
What is the greatest common divisor of 14 and 16?
2
Calculate the highest common factor of 27 and 9.
9
Calculate the greatest common divisor of 39188 and 388.
388
What is the greatest common factor of 20 and 380?
20
What is the highest common divisor of 2144 and 32?
32
What is the highest common factor of 520 and 6110?
130
Calculate the highest common factor of 57 and 133.
19
Calculate the greatest common divisor of 92 and 4209.
23
Calculate the highest common divisor of 152 and 494.
38
What is the greatest common divisor of 23 and 15157?
23
Calculate the highest common divisor of 710 and 213.
71
Calculate the greatest common divisor of 3806 and 44.
22
Calculate the greatest common divisor of 940 and 15.
5
What is the highest common divisor of 27 and 1?
1
Calculate the highest common factor of 96 and 60.
12
What is the highest common divisor of 8804 and 355?
71
Calculate the greatest common divisor of 39 and 1599.
39
Calculate the highest common factor of 43 and 1075.
43
Calculate the greatest common divisor of 68 and 153.
17
What is the highest common divisor of 1458 and 54?
54
Calculate the greatest common factor of 368 and 575.
23
What is the highest common factor of 38 and 3211?
19
Calculate the highest common divisor of 1414 and 1818.
202
Calculate the greatest common factor of 48 and 1284.
12
What is the greatest common divisor of 305 and 415?
5
Calculate the highest common factor of 546 and 84.
42
Calculate the greatest common divisor of 12 and 1116.
12
What is the highest common divisor of 9105 and 15?
15
What is the highest common divisor of 923 and 1207?
71
Calculate the greatest common divisor of 475 and 494.
19
Calculate the highest common divisor of 299 and 46.
23
What is the highest common factor of 235 and 1457?
47
What is the greatest common factor of 100 and 300?
100
What is the greatest common factor of 72 and 792?
72
What is the highest common factor of 34 and 459?
17
What is the greatest common divisor of 36 and 900?
36
What is the highest common factor of 175 and 105?
35
What is the highest common divisor of 238 and 272?
34
What is the highest common factor of 2159 and 635?
127
Calculate the highest common divisor of 658 and 1034.
94
Calculate the greatest common divisor of 75 and 12.
3
What is the highest common divisor of 356 and 20?
4
Calculate the highest common divisor of 45 and 30.
15
What is the highest common factor of 285 and 589?
19
What is the greatest common divisor of 192 and 456?
24
Calculate the highest common factor of 175 and 21.
7
What is the greatest common divisor of 88 and 704?
88
What is the highest common divisor of 135 and 459?
27
Calculate the highest common divisor of 5840 and 30.
10
What is the greatest common divisor of 960 and 880?
80
What is the highest common divisor of 39 and 91?
13
What is the highest common divisor of 104 and 136?
8
Calculate the greatest common divisor of 1092 and 2688.
84
Calculate the greatest common factor of 7539 and 189.
21
What is the highest common factor of 10710 and 1155?
105
Calculate the highest common factor of 440 and 3410.
110
Calculate the highest common factor of 47 and 611.
47
What is the highest common divisor of 33 and 2970?
33
What is the highest common factor of 404 and 8?
4
What is the highest common divisor of 48 and 10392?
24
What is the highest common factor of 697 and 136?
17
What 